{"id":7385,"date":"2022-07-11T16:19:28","date_gmt":"2022-07-11T14:19:28","guid":{"rendered":"https:\/\/alleva.lu\/?page_id=7385"},"modified":"2023-03-14T15:57:49","modified_gmt":"2023-03-14T14:57:49","slug":"nos-activites","status":"publish","type":"page","link":"https:\/\/www.alleva.lu\/?page_id=7385","title":{"rendered":"Nos Activit\u00e9s"},"content":{"rendered":"<div class=\"wpb-content-wrapper\"><p>[vc_row row_content_width=\u00a0\u00bbgrid\u00a0\u00bb row_btt_skin=\u00a0\u00bblight\u00a0\u00bb row_background_text_position=\u00a0\u00bbfront\u00a0\u00bb row_skin=\u00a0\u00bbdark\u00a0\u00bb css=\u00a0\u00bb.vc_custom_1587557144491{padding-top: 110px !important;padding-bottom: 47px !important;}\u00a0\u00bb][vc_column]<div class=\"mkdf-elements-holder   mkdf-three-columns  mkdf-responsive-mode-1024 \" ><div class=\"mkdf-eh-item    \"  data-item-class=\"mkdf-eh-custom-4879\" data-1367-1600=\"11px 0 29px 70px\" data-1025-1366=\"11px 0 29px 0px\" data-769-1024=\"11px 300px 0px 0\" data-681-768=\"11px 150px 0px 0\" data-680=\"11px 0 0px 0px\">\n\t<div class=\"mkdf-eh-item-inner\">\n\t\t<div class=\"mkdf-eh-item-content mkdf-eh-custom-4879\" style=\"padding: 11px 0 29px 74px\">\n\t\t\t<div class=\"mkdf-section-title-holder  mkdf-st-standard mkdf-st-title-left mkdf-st-normal-space \" >\n\t<div class=\"mkdf-st-inner\">\n                    <h6 class=\"mkdf-st-intro-title\" >\n                Nos services            <\/h6>\n        \t\t\t\t\t<h2 class=\"mkdf-st-title\" >\n\t\t\t\tToutes nos activit\u00e9s en un coup d'oeil\t\t\t<\/h2>\n\t\t\t\t\t<\/div>\n<\/div>\t\t<\/div>\n\t<\/div>\n<\/div><div class=\"mkdf-eh-item    \"  data-item-class=\"mkdf-eh-custom-2735\" data-1367-1600=\"15px 44px 0 74px\" data-1025-1366=\"15px 10px 0 33px\" data-769-1024=\"50px 440px 50px 1px\" data-681-768=\"50px 280px 50px 0px\" data-680=\"53px 50px 53px 0px\">\n\t<div class=\"mkdf-eh-item-inner\">\n\t\t<div class=\"mkdf-eh-item-content mkdf-eh-custom-2735\" style=\"padding: 15px 34px 0 84px\">\n\t\t\t<div class=\"mkdf-image-with-text-holder    mkdf-type-standard  \">\n    <div class=\"mkdf-iwt-image\">\n                                    <img fetchpriority=\"high\" decoding=\"async\" width=\"500\" height=\"333\" src=\"https:\/\/www.alleva.lu\/wp-content\/uploads\/2023\/02\/demolition_new_opti.jpg\" class=\"attachment-full size-full\" alt=\"\" srcset=\"https:\/\/www.alleva.lu\/wp-content\/uploads\/2023\/02\/demolition_new_opti.jpg 500w, https:\/\/www.alleva.lu\/wp-content\/uploads\/2023\/02\/demolition_new_opti-300x200.jpg 300w\" sizes=\"(max-width: 500px) 100vw, 500px\" \/>                        <\/div>\n    <div class=\"mkdf-iwt-text-holder\">\n        <div class=\"mkdf-iwt-text-holder-inner\">\n                            <h4 class=\"mkdf-iwt-title\" >\n                                              D\u00e9molition                                     <\/h4>\n                                                        <p class=\"mkdf-iwt-text\" >ALLEVA FR\u00c8RES S.A. r\u00e9alise tous travaux de d\u00e9molition allant d\u2019un simple percement d\u2019une baie \u00e0 la destruction compl\u00e8te d\u2019immeubles avec toutes les d\u00e9marches s\u2019y affectant : d\u00e9pistage (gaz, eau, \u00e9lectricit\u00e9, \u00e9clairage publique etc.), d\u00e9samiantage ext\u00e9rieur. L\u2019ensemble de notre prestation comprend toujours l\u2019\u00e9vacuation des d\u00e9chets vers une d\u00e9charge agr\u00e9\u00e9.<\/p>\n                    <\/div>\n    <\/div>\n    <\/div>\t\t<\/div>\n\t<\/div>\n<\/div><div class=\"mkdf-eh-item    \"  data-item-class=\"mkdf-eh-custom-5121\" data-1367-1600=\"15px 44px 0 69px\" data-1025-1366=\"15px 0px 0 53px\" data-769-1024=\"0px 440px 22px 0px\" data-681-768=\"0px 280px 22px 0px\" data-680=\"0px 50px 22px 0px\">\n\t<div class=\"mkdf-eh-item-inner\">\n\t\t<div class=\"mkdf-eh-item-content mkdf-eh-custom-5121\" style=\"padding: 15px 29px 0 90px\">\n\t\t\t<div class=\"mkdf-image-with-text-holder    mkdf-type-standard  \">\n    <div class=\"mkdf-iwt-image\">\n                                    <img decoding=\"async\" width=\"500\" height=\"333\" src=\"https:\/\/www.alleva.lu\/wp-content\/uploads\/2023\/02\/terrassement_new_opti.jpg\" class=\"attachment-full size-full\" alt=\"\" srcset=\"https:\/\/www.alleva.lu\/wp-content\/uploads\/2023\/02\/terrassement_new_opti.jpg 500w, https:\/\/www.alleva.lu\/wp-content\/uploads\/2023\/02\/terrassement_new_opti-300x200.jpg 300w\" sizes=\"(max-width: 500px) 100vw, 500px\" \/>                        <\/div>\n    <div class=\"mkdf-iwt-text-holder\">\n        <div class=\"mkdf-iwt-text-holder-inner\">\n                            <h4 class=\"mkdf-iwt-title\" >\n                                              Terrassement                                     <\/h4>\n                                                        <p class=\"mkdf-iwt-text\" >Pour tout futur b\u00e2timent, la premi\u00e8re \u00e9tape est celle du terrassement qui consiste \u00e0 cr\u00e9er une plateforme stable, mise en place des diff\u00e9rents r\u00e9seaux.<\/p>\n                    <\/div>\n    <\/div>\n    <\/div>\t\t<\/div>\n\t<\/div>\n<\/div><\/div>[\/vc_column][\/vc_row][vc_row row_content_width=\u00a0\u00bbgrid\u00a0\u00bb row_btt_skin=\u00a0\u00bblight\u00a0\u00bb row_background_text_position=\u00a0\u00bbfront\u00a0\u00bb row_skin=\u00a0\u00bbdark\u00a0\u00bb css=\u00a0\u00bb.vc_custom_1556102995046{padding-bottom: 122px !important;}\u00a0\u00bb][vc_column]<div class=\"mkdf-elements-holder   mkdf-three-columns  mkdf-responsive-mode-1024 \" ><div class=\"mkdf-eh-item    \"  data-item-class=\"mkdf-eh-custom-6505\" data-1367-1600=\"0px 40px 0 73px\" data-1025-1366=\"0px 54px 0 0\" data-769-1024=\"0 440px 0 0\" data-681-768=\"0 280px 0 0\" data-680=\"0 50px 0 0\">\n\t<div class=\"mkdf-eh-item-inner\">\n\t\t<div class=\"mkdf-eh-item-content mkdf-eh-custom-6505\" style=\"padding: 0 44px 0 76px\">\n\t\t\t<div class=\"mkdf-image-with-text-holder    mkdf-type-standard  \">\n    <div class=\"mkdf-iwt-image\">\n                                    <img decoding=\"async\" width=\"500\" height=\"333\" src=\"https:\/\/www.alleva.lu\/wp-content\/uploads\/2022\/07\/Gros-oeuvre_opti.jpg\" class=\"attachment-full size-full\" alt=\"\" srcset=\"https:\/\/www.alleva.lu\/wp-content\/uploads\/2022\/07\/Gros-oeuvre_opti.jpg 500w, https:\/\/www.alleva.lu\/wp-content\/uploads\/2022\/07\/Gros-oeuvre_opti-300x200.jpg 300w\" sizes=\"(max-width: 500px) 100vw, 500px\" \/>                        <\/div>\n    <div class=\"mkdf-iwt-text-holder\">\n        <div class=\"mkdf-iwt-text-holder-inner\">\n                            <h4 class=\"mkdf-iwt-title\" >\n                                              Gros-oeuvre                                     <\/h4>\n                                                        <p class=\"mkdf-iwt-text\" >ALLEVA FR\u00c8RES S.A. est une \u00e9quipe exp\u00e9riment\u00e9e et dynamique qui porte beaucoup d\u2019importance \u00e0 vos d\u00e9sirs en ce qui concerne votre future habitation, que ce soit sous forme d\u2019une r\u00e9sidence, maison unifamiliale, halls industriels, transformation, r\u00e9novation ou un agrandissement, constructions publique ou \u00e9tatique.<\/p>\n                    <\/div>\n    <\/div>\n    <\/div>\t\t<\/div>\n\t<\/div>\n<\/div><div class=\"mkdf-eh-item    \"  data-item-class=\"mkdf-eh-custom-2849\" data-1367-1600=\"0px 44px 0 74px\" data-1025-1366=\"0px 10px 0 33px\" data-769-1024=\"50px 440px 50px 1px\" data-681-768=\"50px 280px 50px 0px\" data-680=\"53px 50px 50px 0px\">\n\t<div class=\"mkdf-eh-item-inner\">\n\t\t<div class=\"mkdf-eh-item-content mkdf-eh-custom-2849\" style=\"padding: 0 37px 0 83px\">\n\t\t\t<div class=\"mkdf-image-with-text-holder    mkdf-type-standard  \">\n    <div class=\"mkdf-iwt-image\">\n                                    <img loading=\"lazy\" decoding=\"async\" width=\"500\" height=\"334\" src=\"https:\/\/www.alleva.lu\/wp-content\/uploads\/2022\/07\/Alentours_opti.jpg\" class=\"attachment-full size-full\" alt=\"\" srcset=\"https:\/\/www.alleva.lu\/wp-content\/uploads\/2022\/07\/Alentours_opti.jpg 500w, https:\/\/www.alleva.lu\/wp-content\/uploads\/2022\/07\/Alentours_opti-300x200.jpg 300w\" sizes=\"(max-width: 500px) 100vw, 500px\" \/>                        <\/div>\n    <div class=\"mkdf-iwt-text-holder\">\n        <div class=\"mkdf-iwt-text-holder-inner\">\n                            <h4 class=\"mkdf-iwt-title\" >\n                                              Am\u00e9nagement ext\u00e9rieur                                     <\/h4>\n                                                        <p class=\"mkdf-iwt-text\" >Vous souhaitez mettre en valeur les abords de votre bien, ce serait avec immense plaisir que nous pourrions vous faire part de notre exp\u00e9rience et savoir-faire.<\/p>\n                    <\/div>\n    <\/div>\n    <\/div>\t\t<\/div>\n\t<\/div>\n<\/div><div class=\"mkdf-eh-item    \"  data-item-class=\"mkdf-eh-custom-3456\" data-1367-1600=\"0px 44px 0 70px\" data-1025-1366=\"0px 0px 0 53px\" data-769-1024=\"0 440px 0 1px\" data-681-768=\"0 280px 0 0px\" data-680=\"0 50px 0 0px\">\n\t<div class=\"mkdf-eh-item-inner\">\n\t\t<div class=\"mkdf-eh-item-content mkdf-eh-custom-3456\" style=\"padding: 0 29px 0 90px\">\n\t\t\t<div class=\"mkdf-image-with-text-holder    mkdf-type-standard  \">\n    <div class=\"mkdf-iwt-image\">\n                                    <img loading=\"lazy\" decoding=\"async\" width=\"500\" height=\"344\" src=\"https:\/\/www.alleva.lu\/wp-content\/uploads\/2022\/07\/Renovation_opti.jpg\" class=\"attachment-full size-full\" alt=\"\" srcset=\"https:\/\/www.alleva.lu\/wp-content\/uploads\/2022\/07\/Renovation_opti.jpg 500w, https:\/\/www.alleva.lu\/wp-content\/uploads\/2022\/07\/Renovation_opti-300x206.jpg 300w\" sizes=\"(max-width: 500px) 100vw, 500px\" \/>                        <\/div>\n    <div class=\"mkdf-iwt-text-holder\">\n        <div class=\"mkdf-iwt-text-holder-inner\">\n                            <h4 class=\"mkdf-iwt-title\" >\n                                              R\u00e9novation                                     <\/h4>\n                                                        <p class=\"mkdf-iwt-text\" >Quel que soit votre projet : agrandissement, r\u00e9novation, transformation ou am\u00e9lioration de votre confort, l&#039;entreprise ALLEVA FR\u00c8RES SA offre la solution. Nous mettons \u00e0 votre disposition notre savoir-faire et une \u00e9quipe pluridisciplinaire comp\u00e9tente pour vous conseiller et vous accompagner \u00e0 chaque \u00e9tape de votre projet.<\/p>\n                    <\/div>\n    <\/div>\n    <\/div>\t\t<\/div>\n\t<\/div>\n<\/div><\/div>[\/vc_column][\/vc_row][vc_row disable_element=\u00a0\u00bbyes\u00a0\u00bb row_content_width=\u00a0\u00bbgrid\u00a0\u00bb row_btt_skin=\u00a0\u00bblight\u00a0\u00bb row_background_text_position=\u00a0\u00bbfront\u00a0\u00bb][vc_column][vc_masonry_grid post_type=\u00a0\u00bbportfolio-item\u00a0\u00bb max_items=\u00a0\u00bb10&Prime; grid_id=\u00a0\u00bbvc_gid:1678805825033-6d3b7052-09ed-8&Prime;][\/vc_column][\/vc_row]<\/p>\n<\/div>","protected":false},"excerpt":{"rendered":"<p>[vc_row row_content_width=\u00a0\u00bbgrid\u00a0\u00bb row_btt_skin=\u00a0\u00bblight\u00a0\u00bb row_background_text_position=\u00a0\u00bbfront\u00a0\u00bb row_skin=\u00a0\u00bbdark\u00a0\u00bb css=\u00a0\u00bb.vc_custom_1587557144491{padding-top: 110px !important;padding-bottom: 47px !important;}\u00a0\u00bb][vc_column][\/vc_column][\/vc_row][vc_row row_content_width=\u00a0\u00bbgrid\u00a0\u00bb row_btt_skin=\u00a0\u00bblight\u00a0\u00bb row_background_text_position=\u00a0\u00bbfront\u00a0\u00bb row_skin=\u00a0\u00bbdark\u00a0\u00bb css=\u00a0\u00bb.vc_custom_1556102995046{padding-bottom: 122px !important;}\u00a0\u00bb][vc_column][\/vc_column][\/vc_row][vc_row disable_element=\u00a0\u00bbyes\u00a0\u00bb row_content_width=\u00a0\u00bbgrid\u00a0\u00bb row_btt_skin=\u00a0\u00bblight\u00a0\u00bb row_background_text_position=\u00a0\u00bbfront\u00a0\u00bb][vc_column][vc_masonry_grid post_type=\u00a0\u00bbportfolio-item\u00a0\u00bb max_items=\u00a0\u00bb10&Prime; grid_id=\u00a0\u00bbvc_gid:1678805825033-6d3b7052-09ed-8&Prime;][\/vc_column][\/vc_row]<\/p>\n","protected":false},"author":1,"featured_media":0,"parent":0,"menu_order":0,"comment_status":"closed","ping_status":"closed","template":"full-width.php","meta":{"footnotes":""},"class_list":["post-7385","page","type-page","status-publish","hentry"],"_links":{"self":[{"href":"https:\/\/www.alleva.lu\/index.php?rest_route=\/wp\/v2\/pages\/7385","targetHints":{"allow":["GET"]}}],"collection":[{"href":"https:\/\/www.alleva.lu\/index.php?rest_route=\/wp\/v2\/pages"}],"about":[{"href":"https:\/\/www.alleva.lu\/index.php?rest_route=\/wp\/v2\/types\/page"}],"author":[{"embeddable":true,"href":"https:\/\/www.alleva.lu\/index.php?rest_route=\/wp\/v2\/users\/1"}],"replies":[{"embeddable":true,"href":"https:\/\/www.alleva.lu\/index.php?rest_route=%2Fwp%2Fv2%2Fcomments&post=7385"}],"version-history":[{"count":32,"href":"https:\/\/www.alleva.lu\/index.php?rest_route=\/wp\/v2\/pages\/7385\/revisions"}],"predecessor-version":[{"id":7626,"href":"https:\/\/www.alleva.lu\/index.php?rest_route=\/wp\/v2\/pages\/7385\/revisions\/7626"}],"wp:attachment":[{"href":"https:\/\/www.alleva.lu\/index.php?rest_route=%2Fwp%2Fv2%2Fmedia&parent=7385"}],"curies":[{"name":"wp","href":"https:\/\/api.w.org\/{rel}","templated":true}]}}

Nos Activités

<div class="wpb-content-wrapper"><p>[vc_row row_content_width= »grid » row_btt_skin= »light » row_background_text_position= »front » row_skin= »dark » css= ».vc_custom_1587557144491{padding-top: 110px !important;padding-bottom: 47px !important;} »][vc_column]<div class="mkdf-elements-holder   mkdf-three-columns  mkdf-responsive-mode-1024 " ><div class="mkdf-eh-item    "  data-item-class="mkdf-eh-custom-4879" data-1367-1600="11px 0 29px 70px" data-1025-1366="11px 0 29px 0px" data-769-1024="11px 300px 0px 0" data-681-768="11px 150px 0px 0" data-680="11px 0 0px 0px">
	<div class="mkdf-eh-item-inner">
		<div class="mkdf-eh-item-content mkdf-eh-custom-4879" style="padding: 11px 0 29px 74px">
			<div class="mkdf-section-title-holder  mkdf-st-standard mkdf-st-title-left mkdf-st-normal-space " >
	<div class="mkdf-st-inner">
                    <h6 class="mkdf-st-intro-title" >
                Nos services            </h6>
        					<h2 class="mkdf-st-title" >
				Toutes nos activités en un coup d'oeil			</h2>
					</div>
</div>		</div>
	</div>
</div><div class="mkdf-eh-item    "  data-item-class="mkdf-eh-custom-2735" data-1367-1600="15px 44px 0 74px" data-1025-1366="15px 10px 0 33px" data-769-1024="50px 440px 50px 1px" data-681-768="50px 280px 50px 0px" data-680="53px 50px 53px 0px">
	<div class="mkdf-eh-item-inner">
		<div class="mkdf-eh-item-content mkdf-eh-custom-2735" style="padding: 15px 34px 0 84px">
			<div class="mkdf-image-with-text-holder    mkdf-type-standard  ">
    <div class="mkdf-iwt-image">
                                    <img fetchpriority="high" decoding="async" width="500" height="333" src="https://www.alleva.lu/wp-content/uploads/2023/02/demolition_new_opti.jpg" class="attachment-full size-full" alt="" srcset="https://www.alleva.lu/wp-content/uploads/2023/02/demolition_new_opti.jpg 500w, https://www.alleva.lu/wp-content/uploads/2023/02/demolition_new_opti-300x200.jpg 300w" sizes="(max-width: 500px) 100vw, 500px" />                        </div>
    <div class="mkdf-iwt-text-holder">
        <div class="mkdf-iwt-text-holder-inner">
                            <h4 class="mkdf-iwt-title" >
                                              Démolition                                     </h4>
                                                        <p class="mkdf-iwt-text" >ALLEVA FRÈRES S.A. réalise tous travaux de démolition allant d’un simple percement d’une baie à la destruction complète d’immeubles avec toutes les démarches s’y affectant : dépistage (gaz, eau, électricité, éclairage publique etc.), désamiantage extérieur. L’ensemble de notre prestation comprend toujours l’évacuation des déchets vers une décharge agréé.</p>
                    </div>
    </div>
    </div>		</div>
	</div>
</div><div class="mkdf-eh-item    "  data-item-class="mkdf-eh-custom-5121" data-1367-1600="15px 44px 0 69px" data-1025-1366="15px 0px 0 53px" data-769-1024="0px 440px 22px 0px" data-681-768="0px 280px 22px 0px" data-680="0px 50px 22px 0px">
	<div class="mkdf-eh-item-inner">
		<div class="mkdf-eh-item-content mkdf-eh-custom-5121" style="padding: 15px 29px 0 90px">
			<div class="mkdf-image-with-text-holder    mkdf-type-standard  ">
    <div class="mkdf-iwt-image">
                                    <img decoding="async" width="500" height="333" src="https://www.alleva.lu/wp-content/uploads/2023/02/terrassement_new_opti.jpg" class="attachment-full size-full" alt="" srcset="https://www.alleva.lu/wp-content/uploads/2023/02/terrassement_new_opti.jpg 500w, https://www.alleva.lu/wp-content/uploads/2023/02/terrassement_new_opti-300x200.jpg 300w" sizes="(max-width: 500px) 100vw, 500px" />                        </div>
    <div class="mkdf-iwt-text-holder">
        <div class="mkdf-iwt-text-holder-inner">
                            <h4 class="mkdf-iwt-title" >
                                              Terrassement                                     </h4>
                                                        <p class="mkdf-iwt-text" >Pour tout futur bâtiment, la première étape est celle du terrassement qui consiste à créer une plateforme stable, mise en place des différents réseaux.</p>
                    </div>
    </div>
    </div>		</div>
	</div>
</div></div>[/vc_column][/vc_row][vc_row row_content_width= »grid » row_btt_skin= »light » row_background_text_position= »front » row_skin= »dark » css= ».vc_custom_1556102995046{padding-bottom: 122px !important;} »][vc_column]<div class="mkdf-elements-holder   mkdf-three-columns  mkdf-responsive-mode-1024 " ><div class="mkdf-eh-item    "  data-item-class="mkdf-eh-custom-6505" data-1367-1600="0px 40px 0 73px" data-1025-1366="0px 54px 0 0" data-769-1024="0 440px 0 0" data-681-768="0 280px 0 0" data-680="0 50px 0 0">
	<div class="mkdf-eh-item-inner">
		<div class="mkdf-eh-item-content mkdf-eh-custom-6505" style="padding: 0 44px 0 76px">
			<div class="mkdf-image-with-text-holder    mkdf-type-standard  ">
    <div class="mkdf-iwt-image">
                                    <img decoding="async" width="500" height="333" src="https://www.alleva.lu/wp-content/uploads/2022/07/Gros-oeuvre_opti.jpg" class="attachment-full size-full" alt="" srcset="https://www.alleva.lu/wp-content/uploads/2022/07/Gros-oeuvre_opti.jpg 500w, https://www.alleva.lu/wp-content/uploads/2022/07/Gros-oeuvre_opti-300x200.jpg 300w" sizes="(max-width: 500px) 100vw, 500px" />                        </div>
    <div class="mkdf-iwt-text-holder">
        <div class="mkdf-iwt-text-holder-inner">
                            <h4 class="mkdf-iwt-title" >
                                              Gros-oeuvre                                     </h4>
                                                        <p class="mkdf-iwt-text" >ALLEVA FRÈRES S.A. est une équipe expérimentée et dynamique qui porte beaucoup d’importance à vos désirs en ce qui concerne votre future habitation, que ce soit sous forme d’une résidence, maison unifamiliale, halls industriels, transformation, rénovation ou un agrandissement, constructions publique ou étatique.</p>
                    </div>
    </div>
    </div>		</div>
	</div>
</div><div class="mkdf-eh-item    "  data-item-class="mkdf-eh-custom-2849" data-1367-1600="0px 44px 0 74px" data-1025-1366="0px 10px 0 33px" data-769-1024="50px 440px 50px 1px" data-681-768="50px 280px 50px 0px" data-680="53px 50px 50px 0px">
	<div class="mkdf-eh-item-inner">
		<div class="mkdf-eh-item-content mkdf-eh-custom-2849" style="padding: 0 37px 0 83px">
			<div class="mkdf-image-with-text-holder    mkdf-type-standard  ">
    <div class="mkdf-iwt-image">
                                    <img loading="lazy" decoding="async" width="500" height="334" src="https://www.alleva.lu/wp-content/uploads/2022/07/Alentours_opti.jpg" class="attachment-full size-full" alt="" srcset="https://www.alleva.lu/wp-content/uploads/2022/07/Alentours_opti.jpg 500w, https://www.alleva.lu/wp-content/uploads/2022/07/Alentours_opti-300x200.jpg 300w" sizes="(max-width: 500px) 100vw, 500px" />                        </div>
    <div class="mkdf-iwt-text-holder">
        <div class="mkdf-iwt-text-holder-inner">
                            <h4 class="mkdf-iwt-title" >
                                              Aménagement extérieur                                     </h4>
                                                        <p class="mkdf-iwt-text" >Vous souhaitez mettre en valeur les abords de votre bien, ce serait avec immense plaisir que nous pourrions vous faire part de notre expérience et savoir-faire.</p>
                    </div>
    </div>
    </div>		</div>
	</div>
</div><div class="mkdf-eh-item    "  data-item-class="mkdf-eh-custom-3456" data-1367-1600="0px 44px 0 70px" data-1025-1366="0px 0px 0 53px" data-769-1024="0 440px 0 1px" data-681-768="0 280px 0 0px" data-680="0 50px 0 0px">
	<div class="mkdf-eh-item-inner">
		<div class="mkdf-eh-item-content mkdf-eh-custom-3456" style="padding: 0 29px 0 90px">
			<div class="mkdf-image-with-text-holder    mkdf-type-standard  ">
    <div class="mkdf-iwt-image">
                                    <img loading="lazy" decoding="async" width="500" height="344" src="https://www.alleva.lu/wp-content/uploads/2022/07/Renovation_opti.jpg" class="attachment-full size-full" alt="" srcset="https://www.alleva.lu/wp-content/uploads/2022/07/Renovation_opti.jpg 500w, https://www.alleva.lu/wp-content/uploads/2022/07/Renovation_opti-300x206.jpg 300w" sizes="(max-width: 500px) 100vw, 500px" />                        </div>
    <div class="mkdf-iwt-text-holder">
        <div class="mkdf-iwt-text-holder-inner">
                            <h4 class="mkdf-iwt-title" >
                                              Rénovation                                     </h4>
                                                        <p class="mkdf-iwt-text" >Quel que soit votre projet : agrandissement, rénovation, transformation ou amélioration de votre confort, l&#039;entreprise ALLEVA FRÈRES SA offre la solution. Nous mettons à votre disposition notre savoir-faire et une équipe pluridisciplinaire compétente pour vous conseiller et vous accompagner à chaque étape de votre projet.</p>
                    </div>
    </div>
    </div>		</div>
	</div>
</div></div>[/vc_column][/vc_row][vc_row disable_element= »yes » row_content_width= »grid » row_btt_skin= »light » row_background_text_position= »front »][vc_column][vc_masonry_grid post_type= »portfolio-item » max_items= »10&Prime; grid_id= »vc_gid:1678805825033-6d3b7052-09ed-8&Prime;][/vc_column][/vc_row]</p>
</div>
