{"id":7019,"date":"2022-04-25T16:10:21","date_gmt":"2022-04-25T14:10:21","guid":{"rendered":"https:\/\/alleva.lu\/?page_id=7019"},"modified":"2022-07-08T13:36:47","modified_gmt":"2022-07-08T11:36:47","slug":"politique-de-confidentialite","status":"publish","type":"page","link":"https:\/\/www.alleva.lu\/?page_id=7019","title":{"rendered":"Politique de confidentialit\u00e9"},"content":{"rendered":"<div class=\"wpb-content-wrapper\"><p>[vc_row row_btt_skin=\u00a0\u00bblight\u00a0\u00bb row_background_text_position=\u00a0\u00bbfront\u00a0\u00bb][vc_column][\/vc_column][\/vc_row][vc_row row_btt_skin=\u00a0\u00bblight\u00a0\u00bb row_background_text_position=\u00a0\u00bbfront\u00a0\u00bb][vc_column][vc_column_text]<\/p>\n<h4><strong>POLITIQUE DE CONFIDENTIALIT\u00c9 PROTECTION DES DONN\u00c9ES \u00c0 CARACT\u00c8RE PERSONNEL<\/strong><\/h4>\n<p>&nbsp;<\/p>\n<p>Alleva Fr\u00e8res S.A. respecte la vie priv\u00e9e de ses parties prenantes et se conforme strictement aux lois en vigueur sur la protection de la vie priv\u00e9e et des libert\u00e9s individuelles. La pr\u00e9sente politique de protection des donn\u00e9es personnelles a pour objet de vous informer sur les conditions dans lesquelles vos donn\u00e9es \u00e0 caract\u00e8re personnel sont collect\u00e9es et trait\u00e9es lors de votre navigation sur le site Internet accessible \u00e0 l\u2019adresse suivante : www.alleva.lu (ci-apr\u00e8s \u00ab le site \u00bb).<\/p>\n<p>Par \u00ab donn\u00e9es \u00e0 caract\u00e8re personnel \u00bb ,il faut entendre toute information concernant une personne physique identifi\u00e9e ou identifiable; est r\u00e9put\u00e9e identifiable une personne qui peut \u00eatre identifi\u00e9e, directement ou indirectement, notamment par r\u00e9f\u00e9rence \u00e0 un num\u00e9ro d\u2019identification ou \u00e0 un ou plusieurs \u00e9l\u00e9ments sp\u00e9cifiques, propres \u00e0 son identit\u00e9.<\/p>\n<p>Le site utilise des cookies clients ainsi qu\u2019un syst\u00e8me de tracking.<\/p>\n<h5><strong>Gestion des cookies<\/strong><\/h5>\n<p>Le site peut utiliser des cookies clients, permettant d\u2019analyser les informations relatives \u00e0 la navigation de l\u2019utilisateur. Un cookie est un fichier texte stock\u00e9 par votre navigateur sur un espace d\u00e9di\u00e9 de votre ordinateur, \u00e0 l\u2019occasion de la consultation d\u2019un site Internet. En aucun cas, ce fichier ne permet \u00e0 celui qui l\u2019a d\u00e9pos\u00e9 d\u2019obtenir des informations enregistr\u00e9es sur votre disque dur ou des informations personnelles. D\u2019une mani\u00e8re g\u00e9n\u00e9rale, l\u2019utilisation de cookies sert \u00e0 am\u00e9liorer nos services et \u00e0 les rendre plus efficaces.<br \/>\nNotre site utilise des cookies pour en mesurer l\u2019audience et, en fonction des informations statistiques recueillies sur les parcours de navigation, am\u00e9liorer leur accessibilit\u00e9. Ils sont d\u00e9pos\u00e9s par ce site sur votre ordinateur. Ils contiennent notamment le nom du serveur qui l\u2019a \u00e9crit, un identifiant sous forme de num\u00e9ro unique et une date d\u2019expiration.<br \/>\nVous pouvez d\u00e9cider vous-m\u00eame si le site est autoris\u00e9 ou non \u00e0 m\u00e9moriser des cookies sur votre ordinateur. D\u2019autre part, vous avez \u00e0 tout moment le choix de r\u00e9gler les options de votre navigateur de sorte que les cookies ne soient pas accept\u00e9s et m\u00e9moris\u00e9s.<br \/>\nPar ailleurs, vous pouvez \u00e0 tout moment effacer, via le navigateur, des cookies d\u00e9j\u00e0 sauvegard\u00e9s. L\u2019utilisation de certaines fonctionnalit\u00e9s de ce portail ne peut en aucun cas \u00eatre limit\u00e9e ou d\u00e9sactiv\u00e9e si l\u2019utilisateur refuse les cookies.<\/p>\n<h5><strong>Syst\u00e8me de tracking<\/strong><\/h5>\n<p>Dans le but d\u2019am\u00e9liorer notre service, nous collectons des \u201edonn\u00e9es de tracking\u201c. Celles-ci donnent des informations sur votre comportement sur notre site. De telles donn\u00e9es de tracking ne nous permettent pas de vous identifier.<br \/>\nLe syst\u00e8me de tracking utilis\u00e9 : Google Analytics. Vous avez la possibilit\u00e9 de vous opposer \u00e0 la saisie et au traitement de ces donn\u00e9es<br \/>\npar Google Analytics en installant un cookie opt-out qui emp\u00eache la saisie future de vos donn\u00e9es lors de votre navigation sur ce site internet:<br \/>\nhttps:\/\/tools.google.com\/dlpage\/gaoptout?hl=fr Pour plus d\u2019informations, vous \u00eates invit\u00e9s \u00e0 consulter la politique de confidentialit\u00e9<br \/>\nde Google Analytics.<\/p>\n<p><strong>Quels sont vos droits concernant vos donn\u00e9es \u00e0 caract\u00e8re personnel ?<\/strong><\/p>\n<p>En application du RGPD, vous disposez d\u2019une s\u00e9rie de droits.<\/p>\n<h5><strong>a. Droit d\u2019acc\u00e8s<\/strong><\/h5>\n<p>Vous avez le droit d\u2019obtenir de Alleva Fr\u00e8res S.A. la confirmation que des donn\u00e9es \u00e0 caract\u00e8re personnel vous concernant sont ou ne sont pas trait\u00e9es et, lorsqu\u2019elles le sont, l\u2019acc\u00e8s auxdites donn\u00e9es \u00e0 caract\u00e8re personnel ainsi que les informations suivantes :<br \/>\n\u2713 les cat\u00e9gories des donn\u00e9es personnelles collect\u00e9es et trait\u00e9es ;<br \/>\n\u2713 les finalit\u00e9s de leur traitement ;<br \/>\n\u2713 les cat\u00e9gories des destinataires auxquels les donn\u00e9es \u00e0 caract\u00e8re personnel<br \/>\nont \u00e9t\u00e9 communiqu\u00e9es ou sont susceptibles d\u2019\u00eatre communiqu\u00e9es ;<br \/>\n\u2713 la dur\u00e9e de conservation des donn\u00e9es \u00e0 caract\u00e8re personnel;<br \/>\n\u2713 des informations concernant vos droits \u00e0 l\u2019\u00e9gard de vos donn\u00e9es \u00e0 caract\u00e8re<br \/>\npersonnel.<\/p>\n<h5><strong>b. Droit d\u2019opposition<\/strong><\/h5>\n<p>Vous pouvez vous opposer, pour des motifs l\u00e9gitimes, \u00e0 tout traitement de vos donn\u00e9es \u00e0 caract\u00e8re personnel. Ainsi, Alleva Fr\u00e8res S.A. ne traitera plus vos donn\u00e9es personnelles, \u00e0 moins qu\u2019elle ne d\u00e9montre qu\u2019il existe des motifs l\u00e9gitimes et imp\u00e9rieux pour le traitement qui pr\u00e9valent sur les int\u00e9r\u00eats et les droits et libert\u00e9s de la personne concern\u00e9e, ou pour la constatation, l\u2019exercice ou la d\u00e9fense de droits en justice.<\/p>\n<h5><strong>c. Droit de rectification<\/strong><\/h5>\n<p>Vous disposez de la possibilit\u00e9 de demander \u00e0 faire corriger vos donn\u00e9es \u00e0 caract\u00e8re personnel si celles-ci se r\u00e9v\u00e8lent inexactes, incompl\u00e8tes ou obsol\u00e8tes.<\/p>\n<h5><strong>d. Droit \u00e0 l\u2019oubli<\/strong><\/h5>\n<p>Vous pouvez demander l\u2019effacement de vos donn\u00e9es \u00e0 caract\u00e8re personnel. Ce droit n\u2019est toutefois pas absolu et peut se heurter \u00e0 l\u2019int\u00e9r\u00eat l\u00e9gitime du responsable du traitement ou aux obligations l\u00e9gales auxquelles ce dernier est soumis. Ainsi, par exemple, une personne devant acquitter une facture ne pourra demander l\u2019effacement de ses donn\u00e9es pour \u00e9chapper \u00e0 sa dette \u2013 la conservation des donn\u00e9es de son d\u00e9biteur \u00e9tant d\u2019un int\u00e9r\u00eat l\u00e9gitime pour le responsable du traitement au moins jusqu\u2019au paiement, respectivement jusqu\u2019\u00e0 l\u2019expiration de la p\u00e9riode l\u00e9gale de stockage des documents comptables.<\/p>\n<h5><strong>e. Droit \u00e0 la limitation du traitement<\/strong><\/h5>\n<p>Vous pouvez exiger de Alleva Fr\u00e8res S.A. que soient, selon les cas, rectifi\u00e9es, compl\u00e9t\u00e9es, mises \u00e0 jour, verrouill\u00e9es ou effac\u00e9es les donn\u00e9es \u00e0 caract\u00e8re personnel la concernant, qui sont inexactes, incompl\u00e8tes, \u00e9quivoques, p\u00e9rim\u00e9es, ou dont la collecte, l\u2019utilisation, la communication ou la conservation est interdite.<\/p>\n<h5><strong>f. Droit \u00e0 la portabilit\u00e9 des donn\u00e9es<\/strong><\/h5>\n<p>Vous avez le droit de recevoir vos donn\u00e9es \u00e0 caract\u00e8re personnel collect\u00e9es ou trait\u00e9es par Alleva Fr\u00e8res S.A., dans un format structur\u00e9, couramment utilis\u00e9 et lisible par machine, et le droit de transmettre ces donn\u00e9es \u00e0 un autre responsable du traitement sans que Alleva Fr\u00e8res S.A., auquel les donn\u00e9es \u00e0 caract\u00e8re personnel ont \u00e9t\u00e9 communiqu\u00e9es, y fasse obstacle.<\/p>\n<p>&nbsp;<\/p>\n<h5><strong>Qui contacter en cas de litige ou de question ?<\/strong><\/h5>\n<div id=\"footer\" class=\"clearfix\">ALLEVA FRERES S.A.<\/div>\n<div class=\"clearfix\">37, RUE DE LINGER<\/div>\n<div class=\"clearfix\">L-4755 PETANGE<\/div>\n<div class=\"clearfix\">TEL. +352 50 61 98<\/div>\n<div class=\"clearfix\"><a href=\"mailto:contact@alleva.lu\">CONTACT@ALLEVA.LU <\/a><\/div>\n<p>[\/vc_column_text][\/vc_column][\/vc_row]<\/p>\n<\/div>","protected":false},"excerpt":{"rendered":"<p>[vc_row row_btt_skin=\u00a0\u00bblight\u00a0\u00bb row_background_text_position=\u00a0\u00bbfront\u00a0\u00bb][vc_column][\/vc_column][\/vc_row][vc_row row_btt_skin=\u00a0\u00bblight\u00a0\u00bb row_background_text_position=\u00a0\u00bbfront\u00a0\u00bb][vc_column][vc_column_text] POLITIQUE DE CONFIDENTIALIT\u00c9 PROTECTION DES DONN\u00c9ES \u00c0 CARACT\u00c8RE PERSONNEL &nbsp; Alleva Fr\u00e8res S.A. respecte la vie priv\u00e9e de ses parties prenantes et se conforme strictement aux lois en vigueur sur la protection de la vie [&hellip;]<\/p>\n","protected":false},"author":1,"featured_media":0,"parent":0,"menu_order":0,"comment_status":"closed","ping_status":"closed","template":"","meta":{"footnotes":""},"class_list":["post-7019","page","type-page","status-publish","hentry"],"_links":{"self":[{"href":"https:\/\/www.alleva.lu\/index.php?rest_route=\/wp\/v2\/pages\/7019","targetHints":{"allow":["GET"]}}],"collection":[{"href":"https:\/\/www.alleva.lu\/index.php?rest_route=\/wp\/v2\/pages"}],"about":[{"href":"https:\/\/www.alleva.lu\/index.php?rest_route=\/wp\/v2\/types\/page"}],"author":[{"embeddable":true,"href":"https:\/\/www.alleva.lu\/index.php?rest_route=\/wp\/v2\/users\/1"}],"replies":[{"embeddable":true,"href":"https:\/\/www.alleva.lu\/index.php?rest_route=%2Fwp%2Fv2%2Fcomments&post=7019"}],"version-history":[{"count":10,"href":"https:\/\/www.alleva.lu\/index.php?rest_route=\/wp\/v2\/pages\/7019\/revisions"}],"predecessor-version":[{"id":7341,"href":"https:\/\/www.alleva.lu\/index.php?rest_route=\/wp\/v2\/pages\/7019\/revisions\/7341"}],"wp:attachment":[{"href":"https:\/\/www.alleva.lu\/index.php?rest_route=%2Fwp%2Fv2%2Fmedia&parent=7019"}],"curies":[{"name":"wp","href":"https:\/\/api.w.org\/{rel}","templated":true}]}}