{"id":1458,"date":"2018-12-17T08:46:49","date_gmt":"2018-12-17T07:46:49","guid":{"rendered":"https:\/\/wilmer.qodeinteractive.com\/?page_id=1458"},"modified":"2023-04-04T11:17:27","modified_gmt":"2023-04-04T09:17:27","slug":"histoire","status":"publish","type":"page","link":"https:\/\/www.alleva.lu\/?page_id=1458","title":{"rendered":"Histoire"},"content":{"rendered":"<div class=\"wpb-content-wrapper\"><p>[vc_row row_content_width=\u00a0\u00bbgrid\u00a0\u00bb row_btt_skin=\u00a0\u00bblight\u00a0\u00bb enable_bg_pattern=\u00a0\u00bbyes\u00a0\u00bb row_background_text_position=\u00a0\u00bbfront\u00a0\u00bb row_skin=\u00a0\u00bbdark\u00a0\u00bb css=\u00a0\u00bb.vc_custom_1556099311357{padding-top: 40px !important;padding-bottom: 50px !important;}\u00a0\u00bb][vc_column offset=\u00a0\u00bbvc_col-lg-offset-0 vc_col-lg-12 vc_col-md-offset-0 vc_col-md-12 vc_col-sm-offset-0&Prime;]<div class=\"mkdf-elements-holder   mkdf-two-columns  mkdf-responsive-mode-1024 \" ><div class=\"mkdf-eh-item    \"  data-item-class=\"mkdf-eh-custom-3139\" data-1367-1600=\"0px 10px 0 0px\" data-1025-1366=\"0px 0px 0 0px\" data-769-1024=\"0px 0px 0 0px\" data-681-768=\"0px 0px 0 0px\" data-680=\"0px 0px 0 0px\">\n\t<div class=\"mkdf-eh-item-inner\">\n\t\t<div class=\"mkdf-eh-item-content mkdf-eh-custom-3139\" style=\"padding: 0 0 0 0\">\n\t\t\t<div class=\"mkdf-single-image-holder   \">\n    <div class=\"mkdf-si-inner\" >\n                                    <img fetchpriority=\"high\" decoding=\"async\" width=\"1391\" height=\"658\" src=\"https:\/\/www.alleva.lu\/wp-content\/uploads\/2022\/07\/Capture-de\u0301cran-2022-07-06-114305.jpeg\" class=\"attachment-full size-full\" alt=\"\" srcset=\"https:\/\/www.alleva.lu\/wp-content\/uploads\/2022\/07\/Capture-de\u0301cran-2022-07-06-114305.jpeg 1391w, https:\/\/www.alleva.lu\/wp-content\/uploads\/2022\/07\/Capture-de\u0301cran-2022-07-06-114305-300x142.jpeg 300w, https:\/\/www.alleva.lu\/wp-content\/uploads\/2022\/07\/Capture-de\u0301cran-2022-07-06-114305-1024x484.jpeg 1024w, https:\/\/www.alleva.lu\/wp-content\/uploads\/2022\/07\/Capture-de\u0301cran-2022-07-06-114305-768x363.jpeg 768w\" sizes=\"(max-width: 1391px) 100vw, 1391px\" \/>                        <\/div>\n<\/div>\t\t<\/div>\n\t<\/div>\n<\/div><div class=\"mkdf-eh-item    \"  data-item-class=\"mkdf-eh-custom-4463\" data-1367-1600=\"0px 120px 8px 50px\" data-1025-1366=\"0px 21px 4px 40px\" data-769-1024=\"57px 260px 0 0px\" data-681-768=\"57px 120px 0 0px\" data-680=\"57px 0px 0 0px\">\n\t<div class=\"mkdf-eh-item-inner\">\n\t\t<div class=\"mkdf-eh-item-content mkdf-eh-custom-4463\" style=\"padding: 0px 90px 8px 80px\">\n\t\t\t<div class=\"mkdf-section-title-holder  mkdf-st-standard mkdf-st-title-left mkdf-st-normal-space \" >\n\t<div class=\"mkdf-st-inner\">\n        \t\t\t\t\t\t\t<h5 class=\"mkdf-st-text\" style=\"color: #565969;font-size: 18px;line-height: 26px;font-weight: 400;margin-top: 21px\">\n\t\t\t\tCr\u00e9\u00e9e en 1961 par Alleva Antonio avec son fr\u00e8re Alleva Mario (ALLEVA FRERES S.E.N.C) et \u00e9tablie au sud-est du Grand-Duch\u00e9 de Luxembourg \u00e0 P\u00e9tange, elle occupe en temps normal 50 personnes et pour les p\u00e9riodes de pointe l\u2019entreprise s\u2019agrandit de 50%.<br \/>\nLa soci\u00e9t\u00e9 ALLEVA FR\u00c8RES S.A. jouit d\u2019une solide r\u00e9putation et d\u2019une cr\u00e9dibilit\u00e9 \u00e0 toute \u00e9preuve sur laquelle nos clients peuvent s\u2019appuyer en tout temps et en toute confiance depuis 60 ans d\u00e9j\u00e0.<br \/>\nALLEVA FR\u00c8RES S.A. a donc largement fait ses preuves dans le secteur du b\u00e2timent.<br \/>\nNous concevons toujours nos projets de fa\u00e7on d\u2019avoir une perspective d\u2019avenir et dans le respect de l\u2019homme, de la nature et de l\u2019environnement.<br \/>\nAu plaisir de pouvoir vous servir...\t\t\t<\/h5>\n\t\t\t<\/div>\n<\/div>[vc_empty_space]\t\t<\/div>\n\t<\/div>\n<\/div><\/div>[\/vc_column][\/vc_row]<\/p>\n<\/div>","protected":false},"excerpt":{"rendered":"<p>[vc_row row_content_width=\u00a0\u00bbgrid\u00a0\u00bb row_btt_skin=\u00a0\u00bblight\u00a0\u00bb enable_bg_pattern=\u00a0\u00bbyes\u00a0\u00bb row_background_text_position=\u00a0\u00bbfront\u00a0\u00bb row_skin=\u00a0\u00bbdark\u00a0\u00bb css=\u00a0\u00bb.vc_custom_1556099311357{padding-top: 40px !important;padding-bottom: 50px !important;}\u00a0\u00bb][vc_column offset=\u00a0\u00bbvc_col-lg-offset-0 vc_col-lg-12 vc_col-md-offset-0 vc_col-md-12 vc_col-sm-offset-0&Prime;][\/vc_column][\/vc_row]<\/p>\n","protected":false},"author":1,"featured_media":0,"parent":0,"menu_order":0,"comment_status":"closed","ping_status":"closed","template":"full-width.php","meta":{"footnotes":""},"class_list":["post-1458","page","type-page","status-publish","hentry"],"_links":{"self":[{"href":"https:\/\/www.alleva.lu\/index.php?rest_route=\/wp\/v2\/pages\/1458","targetHints":{"allow":["GET"]}}],"collection":[{"href":"https:\/\/www.alleva.lu\/index.php?rest_route=\/wp\/v2\/pages"}],"about":[{"href":"https:\/\/www.alleva.lu\/index.php?rest_route=\/wp\/v2\/types\/page"}],"author":[{"embeddable":true,"href":"https:\/\/www.alleva.lu\/index.php?rest_route=\/wp\/v2\/users\/1"}],"replies":[{"embeddable":true,"href":"https:\/\/www.alleva.lu\/index.php?rest_route=%2Fwp%2Fv2%2Fcomments&post=1458"}],"version-history":[{"count":9,"href":"https:\/\/www.alleva.lu\/index.php?rest_route=\/wp\/v2\/pages\/1458\/revisions"}],"predecessor-version":[{"id":7644,"href":"https:\/\/www.alleva.lu\/index.php?rest_route=\/wp\/v2\/pages\/1458\/revisions\/7644"}],"wp:attachment":[{"href":"https:\/\/www.alleva.lu\/index.php?rest_route=%2Fwp%2Fv2%2Fmedia&parent=1458"}],"curies":[{"name":"wp","href":"https:\/\/api.w.org\/{rel}","templated":true}]}}